156. Calculate the highest common factor of n and s.
9
Let z = 10 - 4. Suppose -z*c - 44 = -8*c. What is the greatest common divisor of 2 and c?
2
Let y(p) = 21*p**2 + p + 1. Let z be y(-1). Let k = 0 - -6. Suppose -n = -k*n + 15. What is the highest common divisor of z and n?
3
Let w = 477 - 269. Let f be (-40)/15*39/(-4). What is the greatest common factor of w and f?
26
Let j = -1015 - -1077. Calculate the highest common factor of 31 and j.
31
Suppose -4*t + 14 + 26 = 0. Calculate the greatest common divisor of t and 110.
10
Let f = -31 + 48. Calculate the greatest common divisor of f and 221.
17
Let i = -391 - -393. Calculate the highest common factor of 256 and i.
2
Let d(y) = -y**3 + 9*y**2 + 2*y + 4. Let h be d(8). Let l be 21 + (12/(4 - 1) - 4). What is the highest common factor of h and l?
21
Let p(h) = 3*h**3 - 4*h**2 + 4. Let i(x) = x**2 - 7*x + 8. Let l be i(6). Let z be p(l). Suppose -6 = -2*v + z. What is the greatest common factor of 3 and v?
3
Suppose 4*z - 16 = -2*n, 0*n + 20 = 5*z - 2*n. Suppose -v + z = -6. Let k be (-75)/10*-3*4. Calculate the highest common factor of k and v.
10
Suppose 2*u + 4*k - 368 = -2*u, 0 = 3*u - k - 280. Let t = 107 - u. What is the highest common divisor of 154 and t?
14
Let a = 6 + -1. Let i(y) = 3*y**2 + y + 8. Let v be i(a). Calculate the highest common factor of v and 8.
8
Suppose 0 = h - 5*h + 220. Let w be 201/39 - 24/156. What is the highest common factor of h and w?
5
Let r be 4/(-26) - 3135/(-13). Let l be (-9)/27 + r/3. Calculate the greatest common divisor of l and 32.
16
Let n = 40 - 42. Let r(x) = -2*x**3 - 2*x**2 + x - 1. Let g be r(n). Calculate the greatest common factor of g and 15.
5
Suppose 8*m - 1788 + 1708 = 0. Calculate the highest common divisor of 810 and m.
10
Let x be 5*-3*(-3)/(-6)*-4. Calculate the highest common factor of 60 and x.
30
Let m = 177 - 169. Calculate the greatest common divisor of 776 and m.
8
Let k(l) = -l**3 - 13*l**2 + 4*l + 12. Let x be k(-14). Suppose f + 200 = -2*i + 506, i = -f + x. What is the highest common factor of 14 and i?
14
Let x(r) = -r + 6. Let z be 12/4 - -1 - 0. Let j be x(z). Suppose j*k - 32 = 96. What is the highest common factor of 8 and k?
8
Suppose 2*m + 636 = 5*g, -4*g + 303 = 4*m - 189. Let n be ((-8)/(-10))/(4/70). What is the greatest common factor of g and n?
14
Let s be 9*9 + 1 - 2. Let f = 72 - 98. Let l = f + 36. What is the highest common divisor of l and s?
10
Let z = 79 + 22. Suppose z = 2*o + 29. What is the highest common divisor of 4 and o?
4
Let j(s) = -s - 3. Let f be j(2). Let d = 25 + f. Calculate the highest common divisor of d and 10.
10
Suppose 11*x - 5 = 6*x. What is the greatest common factor of x and 191?
1
Let y(q) = q. Let a be y(-6). Let v(i) = -i**2 - 9*i - 5. Let d be v(a). Let o = d + 1. What is the highest common divisor of 21 and o?
7
Let v = -301 - -339. What is the greatest common factor of v and 361?
19
Suppose 3*i + 249 = k + 2*k, 5*i + 4*k = -370. Let t = 88 + i. What is the highest common divisor of 10 and t?
10
Let a = 28 - 12. Suppose a = 3*f - 2. Suppose -2*q + f*z = z - 41, -4*q + 3*z = -117. What is the greatest common divisor of q and 3?
3
Let n(a) = -a**3 + a**2 + 3*a - 3. Suppose 4*m - 8*m + 8 = 0. Let i be n(m). Let x be 1*(9*-1)/i. Calculate the highest common factor of 81 and x.
9
Suppose 0 = -13*z + 17*z + 2*j - 58, 5*j = -4*z + 73. What is the highest common factor of 1140 and z?
12
Suppose 183 = -0*v - 3*v. Let o = -49 - v. Calculate the greatest common divisor of 24 and o.
12
Let i = 1735 + -1675. Calculate the greatest common factor of 66 and i.
6
Let s be (102/(-12))/(3/(-6)). Calculate the greatest common factor of s and 221.
17
Let x(f) be the first derivative of 2*f**3/3 + 4*f**2 - 5*f + 7. Let i be x(2). What is the highest common factor of 152 and i?
19
Let j(q) = 4*q**2 + 205*q - 64. Let p be j(-52). Calculate the highest common factor of 391 and p.
23
Let b = -41 + 41. Suppose -2*w + 2*x = -20, 5*x + b - 16 = -w. Calculate the highest common divisor of 77 and w.
11
Let h = -69 - -69. Suppose 3*g + 32 - 53 = h. What is the greatest common factor of g and 35?
7
Suppose 4*r = 4*g - 640, -g + 4*g + 4*r - 480 = 0. Calculate the greatest common factor of 64 and g.
32
Suppose 6*k = 11*k - 280. Suppose 45 = 3*l + 3*u, -4*l = u - 25 - 32. Calculate the greatest common divisor of k and l.
14
Suppose 8*p - 3*p = -4*k - 22, 2*p + k + 10 = 0. Let u be 4/p - 3270/(-45). What is the greatest common divisor of 18 and u?
18
Let g be ((-85)/(-34))/((-1)/(-16)). Calculate the greatest common divisor of g and 528.
8
Let b be (-22)/(-26) + (-4)/(-26). Let i(n) be the first derivative of 6*n**4 + n**2/2 - n + 13. Let h be i(b). What is the greatest common factor of 120 and h?
24
Let k be -1 - -3 - (-1 - 41). Suppose 0*v - 4*v - 2*x + 6 = 0, -3*v + 17 = -x. What is the highest common factor of v and k?
4
Suppose 7*m - n + 1147 = 14*m, 4*n + 824 = 5*m. Calculate the greatest common factor of m and 943.
41
Let i = -8 - -8. Suppose i*u = -9*u + 720. What is the highest common divisor of 16 and u?
16
Suppose -223 = -5*a - 48. Let d be 15*2/(50/a). What is the greatest common factor of d and 7?
7
Let v(g) = 3*g**2 + 5*g - 4. Let z be v(-3). What is the highest common divisor of 16 and z?
8
Let v(m) = m**2 - 8*m + 36. Suppose -36 = -0*u - 3*u + 3*b, b = 4*u - 54. Let r be v(u). Calculate the greatest common divisor of r and 15.
15
Suppose -30*d + 28*d = -180. Suppose -1 = -h + d. Calculate the highest common factor of 26 and h.
13
Let a(p) = 15*p**2 - 6*p + 7. Let v be a(2). Let c = v + -23. What is the greatest common factor of 224 and c?
32
Let f = -1439 - -1494. What is the greatest common factor of f and 561?
11
Suppose -2*l = -5*q + 66, -4*q + 4*l + 5 + 43 = 0. Calculate the greatest common factor of 70 and q.
14
Let c(z) = -z**3 + 8*z**2 + 137*z + 15. Let s be c(-10). What is the highest common factor of s and 5?
5
Suppose 5*s = s + 16. Suppose -3*g = 4*k + 21, 5*g - s = g. Let o be 224/36 + k/27. Calculate the greatest common factor of o and 3.
3
Let h(v) = 12*v - 2*v - 15 + 23*v. Let r be h(5). What is the highest common factor of 60 and r?
30
Let u = 660 + -513. What is the highest common factor of 14 and u?
7
Suppose 3*t + 42 = 45, -3*t - 741 = -3*x. Calculate the greatest common divisor of x and 372.
124
Suppose 29*x - 2343 = -4*g + 28*x, 3*g + 5*x - 1770 = 0. What is the highest common factor of g and 18?
9
Suppose 3*l - 15 - 3 = -3*q, 4*l + 21 = 5*q. Suppose 5*t - t = 3*n + 75, 48 = 3*t - q*n. Suppose 5 = -4*z + t. Calculate the greatest common factor of z and 16.
4
Let b(i) = 137*i - 130. Let f be b(4). Calculate the highest common divisor of f and 76.
38
Suppose 138 = 6*z - 3*z. Suppose 2*p = -3*c + 209, 2*p - 6*p - 203 = -3*c. What is the highest common divisor of c and z?
23
Let l(j) = 4*j**2 - 4*j + 4. Let g be l(3). Let w(v) = -v**2 - 9. Let m be w(0). Let n be m/(-15) - 621/(-15). What is the highest common factor of n and g?
14
Suppose -m - 2*m + 84 = -3*x, -10 = -5*x. Calculate the highest common divisor of m and 6.
6
Let a(g) = -3*g**3 + 5*g**2 + 10*g + 12. Let i be a(5). Let d = i - -316. Calculate the highest common factor of 16 and d.
16
Let g = 12 - -2. Suppose -3*p = 20 - g. Let k be 1778/49 + p/7. What is the highest common divisor of 90 and k?
18
Let k = -776 + 980. What is the greatest common factor of k and 168?
12
Let s(n) = 143*n - 22 - 5 + 13*n**2 - n**3 - 127*n. Let m be s(14). Calculate the highest common factor of m and 3.
1
Let i be (-3 + -4 + 2)*(-6 - 19). Calculate the highest common divisor of 100 and i.
25
Let h be (17 - 7)*4/10. Let c be (12/h)/(-3) + 4. Calculate the highest common divisor of 1 and c.
1
Let t = 33 - 29. Let c(j) = -j**3 + 4*j**2 + 5. Let l be c(t). What is the greatest common factor of l and 40?
5
Let z(m) = 3*m**2 - m - 26. Let y be z(6). Calculate the highest common divisor of 4 and y.
4
Suppose -2*m - m + 2*c + 30 = 0, 0 = -2*m - 5*c + 39. Let j(x) = -x**2 + 14*x - 15. Let r be j(m). Calculate the greatest common divisor of 1 and r.
1
Let w = 1011 + -528. What is the greatest common divisor of w and 21?
21
Suppose c = -5*s + 174, 5*s - 112 = 2*c - 430. What is the highest common divisor of c and 41?
41
Let z(f) = -f**3 + 8*f**2 - 